)) composite?
False
Let j(a) = 25*a**2 + 13250*a - 11 + 15*a**2 - 13387*a. Is j(-12) a prime number?
True
Is (-5224850)/(-24 - 1) - (-1 + (7 - 3)) a prime number?
True
Let l(h) = 6*h**3 + 3*h**2 + 6*h + 6. Let y be (540/(-225))/(0 + 4/(-10)). Let j be l(y). Suppose -3*w + 0*w = -3*d + j, 3*d + 5*w = 1486. Is d a prime number?
True
Is (-4068)/(-339) - (-1)/((-3)/(-5319291)) prime?
False
Let w(v) be the first derivative of -2*v**2 + 17*v + 17 + 1/3*v**3. Is w(10) a composite number?
True
Let s(r) = -11*r + 3. Let u be s(-1). Suppose 0*h - u = 7*h. Is h - (1/(-1) - 288) a composite number?
True
Let g = -57594 - -135041. Is g a composite number?
False
Is (-3766908)/(-8)*(-134)/(-201) composite?
False
Let q = -417 - -373. Is (q/(-8))/((-1530)/(-764) - 2) a prime number?
False
Let k(y) = 3*y**2 + 1. Let q be k(2). Let r(h) = -2*h - q - 9 + 3 + 26*h. Is r(7) a composite number?
False
Is (-59907813)/42*18/(-153) a composite number?
False
Let p(u) = u**3 - 45*u**2 - 52*u + 68. Let r be p(47). Suppose -r = -q + 251. Is q a prime number?
True
Suppose -12 + 0 = 4*q - 4*j, -6 = 3*q - 2*j. Let u be -2 - -1 - q - -1. Suppose -3*d - 6 + u = 0, 3*w - 3*d = 1503. Is w a composite number?
False
Let b(a) be the first derivative of -427*a**2/2 - 73*a + 129. Is b(-12) a prime number?
True
Let t(x) = -90*x**3 - 2*x**2 - 4*x - 3. Let p be t(-2). Let k = -298 + p. Suppose -z = -5*v - k, 5*z - 407 = 4*z - v. Is z prime?
True
Let q(h) be the first derivative of h**4/4 + 2*h**3 + 3*h**2 + 7*h + 13. Let y be q(-5). Is 4/8*157*y a composite number?
False
Suppose -c - 16 = 3*w + 5, -c = -5*w - 35. Let h(b) = -810*b + 121. Is h(w) a composite number?
False
Suppose 5*y - x + 278 = 2*x, -54 = y - x. Let v = y - -62. Suppose 2*t - 7*t + v*d + 757 = 0, -2*t + 289 = 3*d. Is t a composite number?
False
Suppose 70 = k + 3*a, 6*k - 2*k - 5*a = 297. Suppose -k*h = -71*h - 6862. Is h a prime number?
False
Let t(z) = 11*z**3 - 10*z**2 + 7*z + 1. Let b(r) = r**3 + r. Let n(s) = 5*b(s) - t(s). Is n(-5) a composite number?
False
Let s(u) = -46*u - 18*u**2 + 13 + 12*u + 2*u**3 - 3*u**3 + 2*u**2. Is s(-16) prime?
True
Let n(q) = -69*q + 72. Let m be n(5). Is 114170/26 + 42/m composite?
False
Let n = 68306 - 25933. Is n a composite number?
False
Let r be (-2 - -1)/(5 - 234355/46870). Let c = -3963 + r. Is c prime?
False
Let m(b) = b**3 + b**2 + 1. Let n(c) = -2*c**3 - 14*c**2 + 4*c + 9. Let k(s) = 3*m(s) + n(s). Let f be k(6). Let l = 785 + f. Is l composite?
False
Suppose 4*c + 552 = -4700. Let d = c + 1934. Suppose 2*j + 3518 = 2*o, -2*o - 5*j - d = -4125. Is o a prime number?
False
Let l = 2428858 + -1338797. Is l a prime number?
False
Suppose p + 104 = -97. Let v(r) = -r**2 + 28*r + 91. Let z be v(29). Let d = z - p. Is d composite?
False
Suppose 295*z + 210*z + 127*z = 217303720. Is z a composite number?
True
Let p = 240397 - 166140. Is p a composite number?
False
Let f(g) = 65*g**2 + 2. Let x(l) = 2*l - 21. Suppose -3*v + 33 = 6. Let s be x(v). Is f(s) a prime number?
True
Let o = 542 - 3319. Let k = 42 - o. Is k composite?
False
Suppose 32 = 23*z - 14. Is -4 + (-25851)/(-7) + z a composite number?
False
Is (77354784/30)/24 - 2/10 a composite number?
True
Suppose -2*s = v - 114002, 660*v = 663*v + 12. Is s a prime number?
False
Let q = 111 - 91. Let l(z) = -z**3 + 20*z**2 - 29*z + 18. Let a be l(q). Let f = a + 2199. Is f a prime number?
True
Suppose 0*r = -5*r + 2245. Let d = 1014 - r. Suppose -7*o + 2*o + d = 0. Is o prime?
True
Let x = -6 + 12. Suppose -2*s + x = 0, -3*s + 574 - 8 = u. Is u a composite number?
False
Suppose 2*v = -42*v - 88. Is (-4)/v*(-34845)/(-138) a prime number?
False
Suppose 877*u = 857*u + 1070540. Is u a composite number?
False
Suppose -12 = 4*y - y. Is 2 + (-2803)/y + 6/24 composite?
True
Is 48/(-32) - (3/(-6)*3309639)/3 composite?
True
Suppose 8*o - 9*o - 5 = 0, 0 = -3*t + 2*o + 16. Suppose 4*b - 2*s - 97440 = 0, -t*b - 2*s + 48722 = -4*s. Is b a prime number?
True
Let b = -52521 - -410138. Is b a composite number?
True
Is (1/5)/((20 - 13)/14842765) prime?
True
Let q = 1288 - 2605. Let p = 2378 + q. Is p a composite number?
False
Suppose -1436762 = -64*q + 3097700 + 483202. Is q prime?
True
Suppose 4*p + 557 = -711. Let y be (4016/(-72))/((-1)/(-18)*-2). Let t = y + p. Is t a composite number?
True
Is ((-16)/12)/(-2) + (12 - 1077647/(-51)) prime?
True
Let c = 50469 - 26668. Is c a prime number?
True
Suppose 3*q + 210 = 18*q. Let z be ((-24)/q)/((-2)/2422). Suppose z = j + 833. Is j prime?
False
Let r(g) = -5*g**3 + 5*g**2 + 4*g + 14. Let u(p) = p**3. Let w(v) = r(v) + 6*u(v). Let t be w(-5). Let b(f) = 69*f**2 + 7*f + 1. Is b(t) prime?
False
Let d = -44 - 0. Let n be 6/33 - 696/d. Is ((-28)/n + 1)*-356 prime?
False
Let j be -2 - (9/5 - 0)*-5. Suppose -a = 5*l - 2242, 5*a + 1341 = 3*l + j*a. Is l a composite number?
False
Suppose -4*t = 6895 - 40391. Let z = t + -5327. Is z a composite number?
True
Is (11 - 6)/((-5)/(-27211)) + 0 composite?
False
Is (1 + 512858)*1/(-2)*70/(-105) composite?
False
Suppose -319 + 325 = -n. Is (n/4)/(191316/(-21256) - -9) prime?
True
Let j(u) = 8*u**2 + 11*u - 8. Let r(n) = 3*n - 9. Let i be r(4). Suppose -h - 13 = 2*z, 0 = -h - 3*z - 18 + i. Is j(h) prime?
True
Let n be ((-2)/(-5))/((-11)/(-385)). Suppose -9*j + 5*a = -n*j + 41330, -3*j + 24805 = -4*a. Is j a composite number?
True
Suppose 3*o = o + 4. Is o*-3 + 4949 + 20 a prime number?
False
Let k = 37 - 31. Suppose y - k*y = -15. Suppose -3*z = -y*x + 187 + 386, 203 = x - 4*z. Is x composite?
True
Suppose 15898 = -x - 3*w + 78912, -315170 = -5*x + 5*w. Is x a composite number?
False
Suppose -4*p - 12*p + 18416 = 0. Let q = p + 966. Is q prime?
False
Let r(o) = 11*o**2 - 6*o + 69. Is r(26) composite?
False
Let a(p) = -14*p + 129. Let n be a(9). Suppose -5*r - 3*s = -19093, -2*r + n*s - 3809 = -3*r. Is r composite?
False
Let j(d) = -2*d**2 + 8*d - 3. Let y be j(5). Is (1/(-2))/(y/21866) a prime number?
False
Let t(j) be the second derivative of j**4/12 + j**3/6 - 4*j**2 + 14*j. Let h be t(-4). Suppose 285 = 5*o + h*f - 85, -5*f = 0. Is o composite?
True
Let f(m) be the first derivative of 58/3*m**3 - 25*m - m**2 + 20. Is f(-4) a prime number?
True
Let s(d) = -2*d + 1. Let w be s(-2). Suppose 0 = 5*p + 2*j + 4, -5*p + w*j - 2*j = -6. Suppose p = 9*g - 7809 - 4026. Is g prime?
False
Suppose -4 = -4*y - 0*y + 4*u, 5*u + 9 = 3*y. Is y/(-3)*627/22 a composite number?
False
Is (-9204)/(-546)*(-518)/(-4) composite?
True
Let c = -27 - -32. Let w(a) = -8*a**2 + 3*a - 11. Let u(v) = -24*v**2 + 10*v - 33. Let g(z) = -6*u(z) + 17*w(z). Is g(c) prime?
False
Suppose -9*s - 3*v + 481512 = 0, s + 17*v = 22*v + 53528. Is s a prime number?
True
Let n(h) be the third derivative of 283*h**4/24 - h**3/6 + 14*h**2. Let p be n(1). Suppose 3*r + p = 5*r. Is r a prime number?
False
Suppose -34*c + 7953807 = 33*c + 1251998. Is c a prime number?
False
Let f = 593 + -329. Let x = f - -4033. Is x a composite number?
False
Let t(l) = 0 + 0 - 2 + 0 + l. Let w be t(0). Let v(g) = -166*g - 1. Is v(w) a prime number?
True
Let c(v) = -5712*v + 1563. Is c(-94) a prime number?
False
Let k = 779 + -210. Let c = -274 + k. Suppose 1 - 60 = -m - 5*i, -5*m = i - c. Is m a prime number?
True
Suppose -128681 = -10*f + 255422 - 48633. Is f a prime number?
True
Let i = 110153 + -60346. Is i a composite number?
False
Let w(o) = -2*o**3 + 8*o**2 + 2*o - 1. Let t = 13 - 9. Let z be w(t). Is (-88)/(-154) + 143/z prime?
False
Suppose -76*y - 41*y + 4727924 + 11668573 = 0. Is y prime?
False
Let a = 740 + 30143. Is a a prime number?
False
Let v(h) = -577*h**3 + 3*h**2 + 11*h - 12. Is v(-5) composite?
True
Let h be (1/(-3))/((-2 + 3)/(-6)). Suppose -4*f = -h*k + 6, k - 4*f + 15 = 6*k. Suppose -5*b - k*m + 15533 = 0, -5*b + 15557 = 5*m - 8*m. Is b a prime number?
True
Let v(k) be the second derivative of 3*k**3 - 15*k**2/2 - 20*k. Let x be v(16). Suppose 20*o - 17*o - x = 0. Is o prime?
False
Let g(j) = -39*j + 39. Let r be g(1). Suppose -3*v = i - 6785, r = -3*v + 6*v - 12. Is i composite?
True
Suppose 4*b + 105984 = y + 29389, -b - 153183 = -2*y. Is y prime?
False
Let u be ((-1)/1)/(9/(-369)). Let o = 38 - u. Let p(l) = -184*l - 5. Is p(o) a composite number?
False
Let a(j) = -175*j**2 - 12. Let m be a(6). Let g = -4339 - m